actor of 503?
False
Is 21 a factor of 237?
False
Is 755 a multiple of 10?
False
Is 3 a factor of 515?
False
Is 1755 a multiple of 65?
True
Is 3388 a multiple of 121?
True
Is 16506 a multiple of 13?
False
Is 22 a factor of 5170?
True
Is 2629 a multiple of 12?
False
Is 28 a factor of 336?
True
Does 196 divide 980?
True
Is 19214 a multiple of 82?
False
Is 26800 a multiple of 200?
True
Is 11801 a multiple of 14?
False
Is 17138 a multiple of 22?
True
Is 705 a multiple of 45?
False
Is 615 a multiple of 18?
False
Is 24 a factor of 1915?
False
Is 34 a factor of 3028?
False
Is 19 a factor of 38?
True
Is 1044 a multiple of 9?
True
Is 84 a factor of 8855?
False
Does 46 divide 3518?
False
Does 48 divide 1235?
False
Is 154 a factor of 24455?
False
Is 20 a factor of 841?
False
Is 2964 a multiple of 39?
True
Is 64 a factor of 142656?
True
Is 8 a factor of 18444?
False
Is 813 a multiple of 31?
False
Does 228 divide 51744?
False
Does 108 divide 2881?
False
Is 11 a factor of 3619?
True
Does 13 divide 24622?
True
Is 12966 a multiple of 96?
False
Does 45 divide 69811?
False
Does 4 divide 3062?
False
Is 5 a factor of 54?
False
Does 78 divide 780?
True
Does 30 divide 1120?
False
Is 4602 a multiple of 78?
True
Is 19 a factor of 4129?
False
Is 31131 a multiple of 36?
False
Is 6 a factor of 395?
False
Does 25 divide 21104?
False
Does 14 divide 2002?
True
Is 2 a factor of 2099?
False
Is 14076 a multiple of 23?
True
Is 504 a multiple of 24?
True
Is 74389 a multiple of 105?
False
Does 72 divide 3096?
True
Is 5040 a multiple of 8?
True
Does 9 divide 4639?
False
Is 14 a factor of 7770?
True
Is 28318 a multiple of 18?
False
Is 3596 a multiple of 44?
False
Is 1449 a multiple of 64?
False
Does 11 divide 1053?
False
Is 2664 a multiple of 6?
True
Is 28199 a multiple of 179?
False
Is 156 a multiple of 3?
True
Is 2 a factor of 962?
True
Is 60 a multiple of 5?
True
Does 87 divide 13060?
False
Does 12 divide 47538?
False
Is 3398 a multiple of 3?
False
Is 378 a factor of 12727?
False
Is 240 a multiple of 30?
True
Does 18 divide 5220?
True
Is 61388 a multiple of 27?
False
Is 1748 a multiple of 12?
False
Is 608 a multiple of 38?
True
Does 15 divide 38430?
True
Is 176 a multiple of 22?
True
Is 1520 a multiple of 10?
True
Is 141799 a multiple of 7?
True
Does 6 divide 27873?
False
Is 17 a factor of 639?
False
Is 85 a factor of 40630?
True
Is 714 a multiple of 51?
True
Is 31 a factor of 460?
False
Is 45411 a multiple of 268?
False
Is 604 a multiple of 5?
False
Is 60 a factor of 1050?
False
Does 53 divide 477?
True
Does 10 divide 244?
False
Is 41170 a multiple of 10?
True
Is 414 a multiple of 9?
True
Is 5303 a multiple of 58?
False
Is 62 a factor of 61969?
False
Is 13036 a multiple of 7?
False
Is 4925 a multiple of 42?
False
Does 11 divide 1232?
True
Does 59 divide 10496?
False
Does 88 divide 1232?
True
Is 2 a factor of 419?
False
Is 63200 a multiple of 80?
True
Does 15 divide 1012?
False
Does 27 divide 20547?
True
Does 7 divide 10437?
True
Is 14 a factor of 658?
True
Is 26 a factor of 956?
False
Is 89 a factor of 16554?
True
Is 18 a factor of 594?
True
Is 834 a multiple of 34?
False
Is 16 a factor of 18512?
True
Does 46 divide 552?
True
Is 56884 a multiple of 13?
False
Is 17 a factor of 111?
False
Is 181 a factor of 15497?
False
Is 4588 a multiple of 62?
True
Is 274 a factor of 88502?
True
Is 9 a factor of 7709?
False
Is 16 a factor of 881?
False
Is 3052 a multiple of 14?
True
Does 14 divide 182?
True
Is 23 a factor of 4163?
True
Does 51 divide 102612?
True
Is 4 a factor of 140?
True
Does 91 divide 2275?
True
Does 16 divide 7392?
True
Is 51 a factor of 3621?
True
Is 168 a multiple of 5?
False
Is 128 a factor of 8963?
False
Is 9452 a multiple of 17?
True
Is 39 a factor of 18876?
True
Does 13 divide 338?
True
Is 401 a multiple of 64?
False
Is 108 a factor of 1543?
False
Is 7 a factor of 617?
False
Is 2290 a multiple of 26?
False
Is 29 a factor of 8949?
False
Is 16321 a multiple of 10?
False
Is 13 a factor of 2976?
False
Does 20 divide 798?
False
Is 5 a factor of 110?
True
Is 5197 a multiple of 156?
False
Is 81 a multiple of 6?
False
Is 8318 a multiple of 30?
False
Is 40 a factor of 6966?
False
Is 3442 a multiple of 8?
False
Does 12 divide 48?
True
Is 14 a factor of 575?
False
Is 16 a factor of 1376?
True
Is 39 a factor of 32383?
False
Is 6 a factor of 461?
False
Is 64 a factor of 540?
False
Does 12 divide 5808?
True
Is 6 a factor of 349?
False
Is 16 a factor of 160?
True
Is 5680 a multiple of 80?
True
Is 46 a factor of 5299?
False
Is 69 a factor of 4495?
False
Is 3395 a multiple of 58?
False
Does 9 divide 1786?
False
Does 11 divide 11098?
False
Is 131 a factor of 4281?
False
Is 657 a multiple of 9?
True
Is 27140 a multiple of 28?
False
Does 20 divide 13640?
True
Does 51 divide 3662?
False
Does 79 divide 15345?
False
Is 18126 a multiple of 106?
True
Is 62 a factor of 1426?
True
Is 137 a factor of 5891?
True
Does 65 divide 81835?
True
Does 5 divide 34?
False
Is 160 a multiple of 10?
True
Does 13 divide 12792?
True
Is 33 a factor of 778?
False
Does 17 divide 20246?
False
Is 14 a factor of 973?
False
Is 345 a factor of 32775?
True
Does 6 divide 30246?
True
Is 4828 a multiple of 4?
True
Is 30 a factor of 420?
True
Is 15 a factor of 762?
False
Is 91 a factor of 5378?
False
Does 18 divide 69264?
True
Is 7420 a multiple of 7?
True
Is 18396 a multiple of 73?
True
Is 2850 a multiple of 26?
False
Does 11 divide 5808?
True
Is 15 a factor of 1824?
False
Is 8 a factor of 120?
True
Is 51 a factor of 47154?
False
Is 120 a factor of 53400?
True
Is 107582 a multiple of 31?
False
Is 214 a multiple of 9?
False
Is 8 a factor of 773?
False
Is 13 a factor of 2652?
True
Does 28 divide 1410?
False
Does 20 divide 1240?
True
Is 114 a factor of 11058?
True
Does 103 divide 2939?
False
Does 35 divide 50155?
True
Does 35 divide 19880?
True
Is 630 a multiple of 37?
False
Is 42 a factor of 920?
False
Does 19 divide 299?
False
Does 232 divide 35521?
False
Does 68 divide 44064?
True
Is 4 a factor of 281?
False
Does 14 divide 10101?
False
Is 3029 a multiple of 13?
True
Is 4 a factor of 8517?
False
Is 5 a factor of 196?
False
Does 63 divide 49833?
True
Is 365 a multiple of 79?
False
Is 9 a factor of 2924?
False
Is 13 a factor of 74360?
True
Is 6338 a multiple of 39?
False
Does 31 divide 4072?
False
Does 100 divide 119376?
False
Is 42 a factor of 1862?
False
Does 22 divide 48422?
True
Is 42 a factor of 8064?
True
Is 5504 a multiple of 37?
False
Is 31 a factor of 2480?
True
Is 20 a factor of 3780?
True
Is 18 a factor of 4497?
False
Is 68 a factor of 1033?
False
Does 50 divide 759?
False
Is 2070 a multiple of 69?
True
Is 31 a factor of 50?
False
Does 24 divide 1851?
False
Is 17 a factor of 10517?
False
Is 10719 a multiple of 40?
False
Does 31 divide 4371?
True
Is 5603 a multiple of 55?
False
Is 3905 a multiple of 71?
True
Is 18 a factor of 306?
True
Does 218 divide 103986?
True
Does 251 divide 2259?
True
Does 39 divide 5171?
False
Does 73 divide 3796?
True
Is 18 a factor of 3367?
False
Is 46 a factor of 2170?
False
Is 10 a factor of 43300?
True
Does 4 divide 1852?
True
Does 9 divide 3936?
False
Is 4977 a multiple of 13?
False
Is 6913 a multiple of 33?
False
Is 22 a factor of 946?
True
Is 3295 a multiple of 18?
False
Is 39 a factor of 11934?
True
Is 3783 a multiple of 39?
True
Is 3720 a multiple of 6?
True
Does 73 divide 77694?
False
Is 15 a factor of 3633?
False
Is 8424 a multiple of 156?
True
Does 32 divide 1029?
False
Does 32 divide 1630?
False
Does 13 divide 13584?
False
Does 21 divide 27908?
False
Is 14 a factor of 50466?
False
Is 51 a factor of 750?
False
Does 14 divide 3724?
True
Is 82 a factor of 3827?
False
Is 13 a factor of 6955?
True
Is 4 a factor of 4081?
False
Is 27 a factor of 77573?
False
Is 5 a factor of 188?
False
Is 7105 a multiple of 121?
False
Is 3 a factor of 1082?
False
Is 3171 a multiple of 6?
False
Is 17709 a multiple of 87?
False
Does 72 divide 49464?
True
Does 120 divide 8280?
True
Does 14 divide 296?
False
Is 5 a factor of 190?
True
Is 26 a factor of 2496?
True
Is 1456 a multiple of 16?
True
Is 62 a multiple of 14?
False
Is 5 a factor of 1910?
True
Does 162 divide 29177?
False
Is 6 a factor of 437?
False
Is 20 a factor of 320?
True
Is 4144 a multiple of 13?
False
Does 44 divide 264?
True
Is 4342 a m